vative of 1/24*s**4 + 1/3*s**3 + 0*s**2 + 0*s + 1/120*s**6 + 3 - 1/120*s**5. Let l(f) be the third derivative of a(f). Determine l(1).
3
Let z(l) = 8*l**2 - 9*l - 5. Let s = 17 + -18. Let b(h) = h**2 - h - 1. Let f(p) = s*z(p) + 6*b(p). Calculate f(2).
-3
Let r(v) = 6*v**3 + v. Suppose n + n = -8, -3*t - 3*n = 0. Let l = t + -6. Let a = 1 + l. What is r(a)?
-7
Let a(r) = -7*r - r**3 - 3*r**2 + 2 - r**2 + 8*r + 2. What is a(-4)?
0
Suppose -6 = 2*d + 2*j, 2*d + 1 = 4*j + 13. Let a(g) = g + d*g**2 - 3*g**3 + 2*g**3 + 3 + g**2. Give a(0).
3
Let o(m) = m**2 - 6*m + 3. Let d be o(6). Let p be -3*(d/(-1))/9. Let g(u) = -15*u - 1. Determine g(p).
-16
Let y(a) = -a**2 + 4*a - 2. Suppose 1 + 21 = 4*i + 5*m, 3*i + 4*m - 17 = 0. Calculate y(i).
1
Let f(b) = -b**2. Let x(s) = -s**3 - 5*s**2 - 4*s - 3. Let o be x(-3). Let k be (-8)/(-6) + 3/o. Let r(d) = 2*d**2. Let u(z) = k*r(z) - f(z). Give u(-1).
3
Let r(j) = -j + 2. Let g = -29 + 23. Give r(g).
8
Let w(r) = -r**2 + 11*r - 11. Let n be w(9). Let i(v) = v**2 - 10*v + 9. Calculate i(n).
-12
Let n be 0*-2*3/(-12). Suppose n*m = 4*m. Let j(h) = 1 + h + h**2 + m*h + 0*h**2. Determine j(2).
7
Let k(m) be the second derivative of m**5/20 - m**4/6 - m**2/2 - 3*m - 11. Determine k(3).
8
Suppose 2*j - 12 = -0*j. Let g(u) = 8*u + 29 - 33 - u**2 + 0*u. Determine g(j).
8
Let z(o) be the second derivative of -o**6/360 + o**4/24 - o**3/6 - 3*o. Let w(h) be the second derivative of z(h). What is w(-3)?
-8
Let w be (-1)/4*(-26 + 18). Let r(o) = -2*o**3 + 3*o**2 - o - 2. Give r(w).
-8
Suppose -1 = p - 2. Let y be (1 + p)*5/2. Let q(g) = 0*g**2 + 1 - g**2 + y + 0*g**2. What is q(0)?
6
Let z(v) = -6*v - 5. Let w be 9/(-6)*40/15. Let i(f) = 3*f + 2. Let g(d) = w*z(d) - 9*i(d). Suppose 5*u - 4 = -2*m, -23 = 5*m - 8. Give g(u).
-4
Let j be 11 - (0/(-1))/(-3). Let n = -9 + j. Let c(i) = i**3 - i + 1. Calculate c(n).
7
Let h = 10 - 15. Let p(x) = -x. Let q(i) = i - 2*i + 0*i. Let l(m) = 3*p(m) - 4*q(m). What is l(h)?
-5
Let y(c) = 3*c + 6. Suppose -4*v - 5 = 5*k, 36 = -3*k + 5*v - 4. Calculate y(k).
-9
Let n(d) = -4*d**3. Let v be n(-1). Let p(u) = u**3 - 3*u**2 - 6*u + 3. Give p(v).
-5
Let d(q) = -q**2 - 6*q + 2. Let t be d(-6). Let l(v) = -2*v**3 + 0*v - v**t + v + v**3. Suppose -4*j + 8*j = 0. Calculate l(j).
0
Let a(m) = -m + 4. Let o = 2 - 1. Let b be (o - (2 + -2))*0. Suppose 3*y + 12 = 0, 4*x + 3*y + b - 4 = 0. Give a(x).
0
Suppose -3*u + 8 = -7. Suppose -12 + 7 = -u*b. Let a(g) = 7*g - 1. Give a(b).
6
Let f(h) be the first derivative of 3/2*h**2 + 2*h - 2. Let n(q) = -2*q - 2. Let u(c) = 3*f(c) + 4*n(c). Determine u(2).
0
Let l = 32 - 30. Let z(c) = -2*c + 3. Calculate z(l).
-1
Let h(o) = -7*o**3 + 2*o**2 + 9*o - 3. Let w(p) = 4*p**3 - p**2 - 4*p + 1. Suppose -3*z + 15 = -0*z. Let g(x) = z*w(x) + 2*h(x). Determine g(-1).
-6
Suppose 0 = v - 3*u - 3 + 1, 0 = -2*v + 5*u + 2. Let y(i) = -i**3 - 5*i**2 - 5*i - 4. Calculate y(v).
0
Let p(m) = -m**3 - 3*m**2 - 4*m - 3. Suppose 3*n = 4*q - 38, -2*n = 3*q - 5*n - 27. Suppose -15*o + 19*o = 8. Suppose o - q = 3*a. Determine p(a).
9
Let d(w) = 2*w + 2. Suppose k = 6*k - 4*f + 18, k + f = 0. What is d(k)?
-2
Let c(p) = -p**2 + 3*p. Let n(i) = -i - 6. Let j be n(-9). What is c(j)?
0
Let c(f) = -f - 7. Let t(s) = -s - 7. Let g(u) = -4*c(u) + 3*t(u). Determine g(-4).
3
Let s(k) = -2*k + 8. Let a be s(6). Let w(j) = -j**2 - 3*j + 5. What is w(a)?
1
Let v(t) be the third derivative of -t**8/4032 + t**6/720 + t**5/60 + t**2. Let b(z) be the third derivative of v(z). What is b(1)?
-4
Let f = 7 - 6. Let s(v) = v + 0*v + 6 - f. What is s(-4)?
1
Let m(z) = 13*z**2 + 20*z - 4. Let c(r) = 3*r**2 + 5*r - 1. Let x(q) = -9*c(q) + 2*m(q). Give x(-6).
-5
Suppose -7 = b + u + 3*u, 4*b + 5*u = -17. Let n(d) = 2*d + 4. Give n(b).
-2
Let a(r) = r**3 + 6*r**2 - r - 2. Let j(t) = t**3 - 5*t**2 + 3*t + 3. Let q be j(3). Let h be 4/q - (-48)/(-9). Determine a(h).
4
Suppose -3*p + 4*g - 4 = p, -2*p + 2 = 2*g. Let s be 0/(p + -3 + 1). Let b(n) = n**2 - 4. Determine b(s).
-4
Let v(g) be the second derivative of -g**5/20 + g**4/2 - g**3/2 - 5*g**2/2 + 6*g. Determine v(5).
5
Let n(m) = m**3 + 6*m**2 - 9*m - 9. Let q = 5 - 12. Give n(q).
5
Let t be 1/(3 + 39/(-12)). Let i = -8 - t. Let v(l) = -l. Let n(h) = -4*h + 5. Let s(u) = -n(u) + 3*v(u). What is s(i)?
-9
Let j(h) be the first derivative of h**4/4 - 5*h**3/3 - h**2/2 + 3*h - 1. Let d = 0 + 3. Suppose f + 2*o - 13 = 0, 0 = -d*f - f + 5*o. Calculate j(f).
-2
Let c(x) = x**2 + 7*x + 3. Let p be c(-7). Suppose 1 = 4*b - o - 12, -p*b + 6 = -2*o. Let n(v) = -v**2 + 4*v - 5. Give n(b).
-5
Let d(r) = r**2 + 15*r + 1. Let o(n) = n**2 + 14*n. Let u(t) = -5*d(t) + 6*o(t). Determine u(-7).
-19
Let b(a) = -a**3 + 18*a**2 + 18*a + 12. Let r be b(19). Let u(g) = g**3 + 6*g**2 - 5*g - 10. Determine u(r).
-24
Let n be (3 - 5)/2 - -1. Let a(u) = -u**3 - 2*u**2 + n*u - 3 - 3*u - 2*u**2. Calculate a(-3).
-3
Let r(k) be the first derivative of k**4/4 - 4*k**3/3 - 7*k**2/2 + 3*k + 2. Let f(s) = -13*s - 1. Let d be f(-1). Suppose -4*j = -8 - d. Give r(j).
-7
Let o(v) = -v**3 - 4*v**2 + 7*v + 6. Let y be o(-5). Let p(m) = -m**2 - 5*m - 1. Determine p(y).
3
Let y(v) = -4*v + 6. Let x be -6*9/((-135)/10). Calculate y(x).
-10
Let r(i) = -5*i**3 + 8*i - 6. Let b(q) = q**3 - q**2 - q. Let n(d) = 4*b(d) + r(d). Give n(-5).
-1
Let z = 1 + -1. Let u = z - -1. Let n(b) = 8*b**2 - b + 1. Determine n(u).
8
Let j(i) = -i**2 + i - 3. Suppose -l + 3 - 5 = 0. Let h(n) = 3*n**2 - 2*n + 7. Let b(a) = l*h(a) - 5*j(a). What is b(-2)?
-1
Suppose 0 = -b + 4*b + 5*f + 35, -2*b = 3*f + 22. Let t(c) be the third derivative of -c**4/12 - c**3/6 + c**2. What is t(b)?
9
Let h(x) = x**3 + x - 5. Let z(n) = n**2 + n - 2. Let i be z(-2). Give h(i).
-5
Let v(f) = f + 27 - f**2 - 4 - 12 - 10. Suppose 0 = -5*m + 4*g + 15, -3*g + 6 = 2*m + g. Determine v(m).
-5
Let z(m) be the second derivative of m**8/6720 - m**6/720 + m**5/15 + 5*m**4/12 + 2*m. Let s(f) be the third derivative of z(f). Let y = 0 + 0. Calculate s(y).
8
Suppose -77 = -5*o - 3*s - 11, -3*o + 4*s = -28. Suppose 5*k - k = o. Let g(a) = 4*a + a + 2 - a - a**2. What is g(k)?
5
Suppose 5*c + x - 22 + 8 = 0, 2*c + 2*x = 4. Let i(q) = 0*q - q**c + 17 - 16 + q. Give i(-1).
1
Let v(w) = 4*w - 2. Let i(t) = -2*t + 1. Let z(k) = 7*i(k) + 4*v(k). Determine z(3).
5
Let o(y) = 27*y - 4 - 2*y**2 - 8*y - 14*y. Calculate o(3).
-7
Let d(t) = 5*t**2 - 9*t - 15. Let a(w) = 2*w**2 - w + 1. Let j be a(1). Let o(k) = k**j - 3*k - 6 + 2 + k. Let q(h) = 2*d(h) - 9*o(h). What is q(0)?
6
Let y = 4 - -1. Let h(s) = s**3 - 10*s**2 - s + 3. Let r(p) = -p**3 + 11*p**2 - 3. Let b(g) = -7*h(g) - 6*r(g). Calculate b(y).
7
Let l be (2/(-6))/(4/(-60)). Let v(p) = p**3 + 6*p**2 - 7*p - 8. Let u(a) = a**3 - a - 1. Let g(k) = 2*u(k) - v(k). Determine g(l).
6
Suppose 4*l - 6 = 2. Suppose 3*z - 5*o + 3 = l*z, -2*z + 4*o = -6. Let y = z - 13. Let i(v) = v**3 + 7*v**2 + 7*v. What is i(y)?
-6
Let t(l) = -l**2 + l - 3. Let h(v) = -3*v**2 + 3*v - 6. Let w be 2/7 + (-72)/(-42). Let u(f) = w*h(f) - 5*t(f). Determine u(0).
3
Suppose 0 = 2*u - 4, -4*u - u = 5*n + 5. Let p(f) be the first derivative of f**4/4 + 2*f**3/3 - f**2 - f + 1. Determine p(n).
-4
Let z(t) be the third derivative of -t**6/120 + t**5/60 - t**4/12 + t**3/2 + t**2. Let n be (3 + 2)*(2 + -1). Let r = n + -3. What is z(r)?
-5
Let i(n) = n**2 - 4*n - 3. Let k = -17 + 22. Determine i(k).
2
Let r(m) = -3*m**2 - 3*m - 4 + 21*m**3 - m**2 - 22*m**3. Suppose -4*t + 0*l - 24 = -3*l, 4*l = 16. Determine r(t).
-4
Suppose 0 = -2*r - y + 16, -y + 10 = -r + 3*y. Let j(v) = -3*v**2 + 9*v + 3. Let n(x) = -10*x**2 + 28*x + 10. Let z(p) = 7*j(p) - 2*n(p). What is z(r)?
7
Let d be 0 - -1*(-2)/(-1). Let k(u) = -u**2 - u - 1. Give k(d).
-7
Let f(a) = 2*a + 1. Let m = -3 - -3. Suppose 0 = -m*x - 3*x + 12. Suppose 0 = b - x + 5. Give f(b).
-1
Let y(t) = 4*t**2 - 2*t + 1. Let q be y(1). Let d(i) = i**q + i**2 - 2 + 4*i**2 + 6*i + 3. What is d(-4)?
-7
Let w be -1 + 2 + (-3 - -4). Let k(n) = -3*n - n**3 - n - 4*n**2 + w*n + 4. Suppose 3*d + 11 = b - 3*b, 0 = -d + 4*b + 1. What is k(d)?
1
Let o(t) be the third derivative of t**4/8 - t**3/3 + t**2. Let f(l) = l. Let h(v) = -4*f(v) + o(v). Determine h(0).
-2
Suppose 0 = 67*s - 62*s + 45. Let c(k) = -k**